{"id":1658,"date":"2026-04-08T11:44:44","date_gmt":"2026-04-08T09:44:44","guid":{"rendered":"https:\/\/rollerbladingschool.pl\/?page_id=1658"},"modified":"2026-04-15T09:02:34","modified_gmt":"2026-04-15T07:02:34","slug":"polkolonie-rolkowe-bydgoszcz","status":"publish","type":"page","link":"https:\/\/rollerbladingschool.pl\/index.php\/polkolonie-rolkowe-bydgoszcz\/","title":{"rendered":"P\u00f3\u0142kolonie rolkowe Bydgoszcz"},"content":{"rendered":"\t\t<div data-elementor-type=\"wp-page\" data-elementor-id=\"1658\" class=\"elementor elementor-1658\">\n\t\t\t\t<div class=\"elementor-element elementor-element-e46e94d e-flex e-con-boxed e-con e-parent\" data-id=\"e46e94d\" data-element_type=\"container\" data-e-type=\"container\">\n\t\t\t\t\t<div class=\"e-con-inner\">\n\t\t\t\t<div class=\"elementor-element elementor-element-d5b07c5 elementor-widget elementor-widget-heading\" data-id=\"d5b07c5\" data-element_type=\"widget\" data-e-type=\"widget\" data-widget_type=\"heading.default\">\n\t\t\t\t<div class=\"elementor-widget-container\">\n\t\t\t\t\t<h2 class=\"elementor-heading-title elementor-size-default\">P\u00f3\u0142kolonie rolkowe Bydgoszcz 2026 (8:00-16:00)<\/h2>\t\t\t\t<\/div>\n\t\t\t\t<\/div>\n\t\t\t\t<div class=\"elementor-element elementor-element-b004da9 elementor-widget elementor-widget-text-editor\" data-id=\"b004da9\" data-element_type=\"widget\" data-e-type=\"widget\" data-widget_type=\"text-editor.default\">\n\t\t\t\t<div class=\"elementor-widget-container\">\n\t\t\t\t\t\t\t\t\t<div dir=\"auto\">Zapraszamy dzieci na p\u00f3\u0142kolonie rolkowe w Bydgoszczy 2026, organizowane w godzinach 8:00\u201316:00 w trzech dogodnych terminach i lokalizacjach. To aktywna forma wakacyjnego wypoczynku w mie\u015bcie, \u0142\u0105cz\u0105ca sport, zabaw\u0119 oraz nauk\u0119 jazdy na rolkach pod opiek\u0105 do\u015bwiadczonych instruktor\u00f3w KS Rollerblading School.<\/div><div dir=\"auto\">P\u00f3\u0142kolonie przeznaczone s\u0105 zar\u00f3wno dla dzieci pocz\u0105tkuj\u0105cych, jak i tych, kt\u00f3re ju\u017c je\u017cd\u017c\u0105 na rolkach.<\/div>\t\t\t\t\t\t\t\t<\/div>\n\t\t\t\t<\/div>\n\t\t\t\t<div class=\"elementor-element elementor-element-2ec7a1a elementor-widget elementor-widget-heading\" data-id=\"2ec7a1a\" data-element_type=\"widget\" data-e-type=\"widget\" data-widget_type=\"heading.default\">\n\t\t\t\t<div class=\"elementor-widget-container\">\n\t\t\t\t\t<h2 class=\"elementor-heading-title elementor-size-default\">Terminy i lokalizacje p\u00f3\u0142kolonii rolkowych Bydgoszcz<\/h2>\t\t\t\t<\/div>\n\t\t\t\t<\/div>\n\t\t\t\t<div class=\"elementor-element elementor-element-a4b6363 elementor-widget elementor-widget-text-editor\" data-id=\"a4b6363\" data-element_type=\"widget\" data-e-type=\"widget\" data-widget_type=\"text-editor.default\">\n\t\t\t\t<div class=\"elementor-widget-container\">\n\t\t\t\t\t\t\t\t\t<div dir=\"auto\"><img decoding=\"async\" class=\"an1\" draggable=\"false\" src=\"https:\/\/fonts.gstatic.com\/s\/e\/notoemoji\/17.0\/1f4cd\/72.png\" alt=\"\ud83d\udccd\" width=\"52\" height=\"52\" data-emoji=\"\ud83d\udccd\" aria-label=\"\ud83d\udccd\" \/>\u00a029 czerwca \u2013 3 lipca 2026<\/div><div dir=\"auto\">Zesp\u00f3\u0142 Szk\u00f3\u0142 Budowlanych<\/div><div dir=\"auto\">ul. Pestalozziego 18 \u2013 Bydgoszcz centrum<\/div><div dir=\"auto\"><img decoding=\"async\" class=\"an1\" draggable=\"false\" src=\"https:\/\/fonts.gstatic.com\/s\/e\/notoemoji\/17.0\/1f4cd\/72.png\" alt=\"\ud83d\udccd\" width=\"57\" height=\"57\" data-emoji=\"\ud83d\udccd\" aria-label=\"\ud83d\udccd\" \/>\u00a06 lipca \u2013 10 lipca 2026<\/div><div dir=\"auto\">III Liceum Og\u00f3lnokszta\u0142c\u0105ce<\/div><div dir=\"auto\">ul. Nowogrodzka 3 \u2013 Bydgoszcz Okole<\/div><div dir=\"auto\"><img decoding=\"async\" class=\"an1\" draggable=\"false\" src=\"https:\/\/fonts.gstatic.com\/s\/e\/notoemoji\/17.0\/1f4cd\/72.png\" alt=\"\ud83d\udccd\" width=\"55\" height=\"55\" data-emoji=\"\ud83d\udccd\" aria-label=\"\ud83d\udccd\" \/>\u00a03 sierpnia \u2013 7 sierpnia 2026<\/div><div dir=\"auto\">III Liceum Og\u00f3lnokszta\u0142c\u0105ce<\/div><div dir=\"auto\">ul. Nowogrodzka 3 \u2013 Bydgoszcz Okole<\/div><div dir=\"auto\">Ka\u017cdy turnus odbywa si\u0119 w godzinach:<\/div><div dir=\"auto\">8:00 \u2013 16:00<\/div>\t\t\t\t\t\t\t\t<\/div>\n\t\t\t\t<\/div>\n\t\t\t\t\t<\/div>\n\t\t\t\t<\/div>\n\t\t<div class=\"elementor-element elementor-element-4b6caaa e-flex e-con-boxed e-con e-parent\" data-id=\"4b6caaa\" data-element_type=\"container\" data-e-type=\"container\">\n\t\t\t\t\t<div class=\"e-con-inner\">\n\t\t\t\t<div class=\"elementor-element elementor-element-c98852f elementor-widget elementor-widget-heading\" data-id=\"c98852f\" data-element_type=\"widget\" data-e-type=\"widget\" data-widget_type=\"heading.default\">\n\t\t\t\t<div class=\"elementor-widget-container\">\n\t\t\t\t\t<h2 class=\"elementor-heading-title elementor-size-default\">Co oferuj\u0105 p\u00f3\u0142kolonie rolkowe w Bydgoszczy?<\/h2>\t\t\t\t<\/div>\n\t\t\t\t<\/div>\n\t\t\t\t<div class=\"elementor-element elementor-element-ab52610 elementor-widget elementor-widget-text-editor\" data-id=\"ab52610\" data-element_type=\"widget\" data-e-type=\"widget\" data-widget_type=\"text-editor.default\">\n\t\t\t\t<div class=\"elementor-widget-container\">\n\t\t\t\t\t\t\t\t\t<div dir=\"auto\" style=\"color: #222222; font-family: Arial, Helvetica, sans-serif; font-size: small; font-style: normal; font-weight: 400;\">Program p\u00f3\u0142kolonii obejmuje codzienne aktywno\u015bci sportowe dopasowane do wieku i poziomu uczestnik\u00f3w:<\/div><div dir=\"auto\" style=\"color: #222222; font-family: Arial, Helvetica, sans-serif; font-size: small; font-style: normal; font-weight: 400;\"><img decoding=\"async\" class=\"an1\" style=\"height: 1.2em; width: 1.2em;\" draggable=\"false\" src=\"https:\/\/fonts.gstatic.com\/s\/e\/notoemoji\/17.0\/2705\/72.png\" alt=\"\u2705\" data-emoji=\"\u2705\" aria-label=\"\u2705\" \/>\u00a0nauk\u0119 jazdy na rolkach od podstaw<\/div><div dir=\"auto\" style=\"color: #222222; font-family: Arial, Helvetica, sans-serif; font-size: small; font-style: normal; font-weight: 400;\"><img decoding=\"async\" class=\"an1\" style=\"height: 1.2em; width: 1.2em;\" draggable=\"false\" src=\"https:\/\/fonts.gstatic.com\/s\/e\/notoemoji\/17.0\/2705\/72.png\" alt=\"\u2705\" data-emoji=\"\u2705\" aria-label=\"\u2705\" \/>\u00a0doskonalenie techniki jazdy<\/div><div dir=\"auto\" style=\"color: #222222; font-family: Arial, Helvetica, sans-serif; font-size: small; font-style: normal; font-weight: 400;\"><img decoding=\"async\" class=\"an1\" style=\"height: 1.2em; width: 1.2em;\" draggable=\"false\" src=\"https:\/\/fonts.gstatic.com\/s\/e\/notoemoji\/17.0\/2705\/72.png\" alt=\"\u2705\" data-emoji=\"\u2705\" aria-label=\"\u2705\" \/> wyj\u015bcie do kina<\/div><div dir=\"auto\" style=\"color: #222222; font-family: Arial, Helvetica, sans-serif; font-size: small; font-style: normal; font-weight: 400;\"><img decoding=\"async\" class=\"an1\" style=\"height: 1.2em; width: 1.2em;\" draggable=\"false\" src=\"https:\/\/fonts.gstatic.com\/s\/e\/notoemoji\/17.0\/2705\/72.png\" alt=\"\u2705\" data-emoji=\"\u2705\" aria-label=\"\u2705\" \/> wyjazdy autokarem do mysl\u0119cinka i na skate park<\/div><div dir=\"auto\" style=\"color: #222222; font-family: Arial, Helvetica, sans-serif; font-size: small; font-style: normal; font-weight: 400;\"><img decoding=\"async\" class=\"an1\" style=\"height: 1.2em; width: 1.2em;\" draggable=\"false\" src=\"https:\/\/fonts.gstatic.com\/s\/e\/notoemoji\/17.0\/2705\/72.png\" alt=\"\u2705\" data-emoji=\"\u2705\" aria-label=\"\u2705\" \/> wy\u017cywienie (drugie \u015bniadanie, dwudaniowy obiad, deser)<\/div><div dir=\"auto\" style=\"color: #222222; font-family: Arial, Helvetica, sans-serif; font-size: small; font-style: normal; font-weight: 400;\"><img decoding=\"async\" class=\"an1\" style=\"height: 1.2em; width: 1.2em;\" draggable=\"false\" src=\"https:\/\/fonts.gstatic.com\/s\/e\/notoemoji\/17.0\/2705\/72.png\" alt=\"\u2705\" data-emoji=\"\u2705\" aria-label=\"\u2705\" \/>\u00a0gry i zabawy ruchowe<\/div><div dir=\"auto\" style=\"color: #222222; font-family: Arial, Helvetica, sans-serif; font-size: small; font-style: normal; font-weight: 400;\"><img decoding=\"async\" class=\"an1\" style=\"height: 1.2em; width: 1.2em;\" draggable=\"false\" src=\"https:\/\/fonts.gstatic.com\/s\/e\/notoemoji\/17.0\/2705\/72.png\" alt=\"\u2705\" data-emoji=\"\u2705\" aria-label=\"\u2705\" \/>\u00a0trening r\u00f3wnowagi i koordynacji<\/div><div dir=\"auto\" style=\"color: #222222; font-family: Arial, Helvetica, sans-serif; font-size: small; font-style: normal; font-weight: 400;\"><img decoding=\"async\" class=\"an1\" style=\"height: 1.2em; width: 1.2em;\" draggable=\"false\" src=\"https:\/\/fonts.gstatic.com\/s\/e\/notoemoji\/17.0\/2705\/72.png\" alt=\"\u2705\" data-emoji=\"\u2705\" aria-label=\"\u2705\" \/>\u00a0zaj\u0119cia integracyjne<\/div><div dir=\"auto\" style=\"color: #222222; font-family: Arial, Helvetica, sans-serif; font-size: small; font-style: normal; font-weight: 400;\"><img decoding=\"async\" class=\"an1\" style=\"height: 1.2em; width: 1.2em;\" draggable=\"false\" src=\"https:\/\/fonts.gstatic.com\/s\/e\/notoemoji\/17.0\/2705\/72.png\" alt=\"\u2705\" data-emoji=\"\u2705\" aria-label=\"\u2705\" \/>\u00a0aktywno\u015bci sportowe na \u015bwie\u017cym powietrzu<\/div><div dir=\"auto\" style=\"color: #222222; font-family: Arial, Helvetica, sans-serif; font-size: small; font-style: normal; font-weight: 400;\"><img decoding=\"async\" class=\"an1\" style=\"height: 1.2em; width: 1.2em;\" draggable=\"false\" src=\"https:\/\/fonts.gstatic.com\/s\/e\/notoemoji\/17.0\/2705\/72.png\" alt=\"\u2705\" data-emoji=\"\u2705\" aria-label=\"\u2705\" \/>\u00a0opiek\u0119 instruktorsk\u0105 przez ca\u0142y dzie\u0144 (8:00\u201316:00)<\/div><div dir=\"auto\" style=\"color: #222222; font-family: Arial, Helvetica, sans-serif; font-size: small; font-style: normal; font-weight: 400;\">To idealne p\u00f3\u0142kolonie sportowe w Bydgoszczy dla dzieci, kt\u00f3re lubi\u0105 ruch i aktywne wakacje.<\/div><div dir=\"auto\" style=\"color: #222222; font-family: Arial, Helvetica, sans-serif; font-size: small; font-style: normal; font-weight: 400;\">Dla kogo s\u0105 p\u00f3\u0142kolonie rolkowe?<\/div><div dir=\"auto\" style=\"color: #222222; font-family: Arial, Helvetica, sans-serif; font-size: small; font-style: normal; font-weight: 400;\">Zapraszamy:<\/div><div dir=\"auto\" style=\"color: #222222; font-family: Arial, Helvetica, sans-serif; font-size: small; font-style: normal; font-weight: 400;\"><img decoding=\"async\" class=\"an1\" style=\"height: 1.2em; width: 1.2em;\" draggable=\"false\" src=\"https:\/\/fonts.gstatic.com\/s\/e\/notoemoji\/17.0\/1f466\/72.png\" alt=\"\ud83d\udc66\" data-emoji=\"\ud83d\udc66\" aria-label=\"\ud83d\udc66\" \/>\u00a0dzieci pocz\u0105tkuj\u0105ce<\/div><div dir=\"auto\" style=\"color: #222222; font-family: Arial, Helvetica, sans-serif; font-size: small; font-style: normal; font-weight: 400;\"><img decoding=\"async\" class=\"an1\" style=\"height: 1.2em; width: 1.2em;\" draggable=\"false\" src=\"https:\/\/fonts.gstatic.com\/s\/e\/notoemoji\/17.0\/1f9d2\/72.png\" alt=\"\ud83e\uddd2\" data-emoji=\"\ud83e\uddd2\" aria-label=\"\ud83e\uddd2\" \/>\u00a0dzieci je\u017cd\u017c\u0105ce rekreacyjnie<\/div><div dir=\"auto\" style=\"color: #222222; font-family: Arial, Helvetica, sans-serif; font-size: small; font-style: normal; font-weight: 400;\"><img decoding=\"async\" class=\"an1\" style=\"height: 1.2em; width: 1.2em;\" draggable=\"false\" src=\"https:\/\/fonts.gstatic.com\/s\/e\/notoemoji\/17.0\/1f9d1\/72.png\" alt=\"\ud83e\uddd1\" data-emoji=\"\ud83e\uddd1\" aria-label=\"\ud83e\uddd1\" \/>\u00a0uczestnik\u00f3w szk\u00f3\u0142ek rolkowych<\/div><div dir=\"auto\" style=\"color: #222222; font-family: Arial, Helvetica, sans-serif; font-size: small; font-style: normal; font-weight: 400;\"><img decoding=\"async\" class=\"an1\" style=\"height: 1.2em; width: 1.2em;\" draggable=\"false\" src=\"https:\/\/fonts.gstatic.com\/s\/e\/notoemoji\/17.0\/1f3c3\/72.png\" alt=\"\ud83c\udfc3\" data-emoji=\"\ud83c\udfc3\" aria-label=\"\ud83c\udfc3\" \/>\u00a0dzieci aktywne sportowo<\/div><div dir=\"auto\" style=\"color: #222222; font-family: Arial, Helvetica, sans-serif; font-size: small; font-style: normal; font-weight: 400;\">Grupy tworzone s\u0105 wed\u0142ug poziomu umiej\u0119tno\u015bci.<\/div><div dir=\"auto\" style=\"color: #222222; font-family: Arial, Helvetica, sans-serif; font-size: small; font-style: normal; font-weight: 400;\">Dlaczego warto wybra\u0107 p\u00f3\u0142kolonie rolkowe Bydgoszcz?<\/div><div dir=\"auto\" style=\"color: #222222; font-family: Arial, Helvetica, sans-serif; font-size: small; font-style: normal; font-weight: 400;\">Rodzice wybieraj\u0105 nasze p\u00f3\u0142kolonie, poniewa\u017c zapewniamy:<\/div><div dir=\"auto\" style=\"color: #222222; font-family: Arial, Helvetica, sans-serif; font-size: small; font-style: normal; font-weight: 400;\"><img decoding=\"async\" class=\"an1\" style=\"height: 1.2em; width: 1.2em;\" draggable=\"false\" src=\"https:\/\/fonts.gstatic.com\/s\/e\/notoemoji\/17.0\/2b50\/72.png\" alt=\"\u2b50\" data-emoji=\"\u2b50\" aria-label=\"\u2b50\" \/>\u00a0aktywny wypoczynek w mie\u015bcie<\/div><div dir=\"auto\" style=\"color: #222222; font-family: Arial, Helvetica, sans-serif; font-size: small; font-style: normal; font-weight: 400;\"><img decoding=\"async\" class=\"an1\" style=\"height: 1.2em; width: 1.2em;\" draggable=\"false\" src=\"https:\/\/fonts.gstatic.com\/s\/e\/notoemoji\/17.0\/2b50\/72.png\" alt=\"\u2b50\" data-emoji=\"\u2b50\" aria-label=\"\u2b50\" \/>\u00a0rozw\u00f3j sprawno\u015bci fizycznej<\/div><div dir=\"auto\" style=\"color: #222222; font-family: Arial, Helvetica, sans-serif; font-size: small; font-style: normal; font-weight: 400;\"><img decoding=\"async\" class=\"an1\" style=\"height: 1.2em; width: 1.2em;\" draggable=\"false\" src=\"https:\/\/fonts.gstatic.com\/s\/e\/notoemoji\/17.0\/2b50\/72.png\" alt=\"\u2b50\" data-emoji=\"\u2b50\" aria-label=\"\u2b50\" \/>\u00a0popraw\u0119 r\u00f3wnowagi i koordynacji<\/div><div dir=\"auto\" style=\"color: #222222; font-family: Arial, Helvetica, sans-serif; font-size: small; font-style: normal; font-weight: 400;\"><img decoding=\"async\" class=\"an1\" style=\"height: 1.2em; width: 1.2em;\" draggable=\"false\" src=\"https:\/\/fonts.gstatic.com\/s\/e\/notoemoji\/17.0\/2b50\/72.png\" alt=\"\u2b50\" data-emoji=\"\u2b50\" aria-label=\"\u2b50\" \/>\u00a0nauk\u0119 bezpiecznej jazdy na rolkach<\/div><div dir=\"auto\" style=\"color: #222222; font-family: Arial, Helvetica, sans-serif; font-size: small; font-style: normal; font-weight: 400;\"><img decoding=\"async\" class=\"an1\" style=\"height: 1.2em; width: 1.2em;\" draggable=\"false\" src=\"https:\/\/fonts.gstatic.com\/s\/e\/notoemoji\/17.0\/2b50\/72.png\" alt=\"\u2b50\" data-emoji=\"\u2b50\" aria-label=\"\u2b50\" \/>\u00a0opiek\u0119 do\u015bwiadczonej kadry<\/div><div dir=\"auto\" style=\"color: #222222; font-family: Arial, Helvetica, sans-serif; font-size: small; font-style: normal; font-weight: 400;\"><img decoding=\"async\" class=\"an1\" style=\"height: 1.2em; width: 1.2em;\" draggable=\"false\" src=\"https:\/\/fonts.gstatic.com\/s\/e\/notoemoji\/17.0\/2b50\/72.png\" alt=\"\u2b50\" data-emoji=\"\u2b50\" aria-label=\"\u2b50\" \/>\u00a0sprawdzony program sportowy dla dzieci<\/div>\t\t\t\t\t\t\t\t<\/div>\n\t\t\t\t<\/div>\n\t\t\t\t<div class=\"elementor-element elementor-element-5ad96a7 elementor-widget elementor-widget-heading\" data-id=\"5ad96a7\" data-element_type=\"widget\" data-e-type=\"widget\" data-widget_type=\"heading.default\">\n\t\t\t\t<div class=\"elementor-widget-container\">\n\t\t\t\t\t<h2 class=\"elementor-heading-title elementor-size-default\"><a href=\"https:\/\/forms.gle\/8KTGeraRdviQGQ6x8\">ZAPISY ONLINE - KLIKNIJ TUTAJ<\/a><\/h2>\t\t\t\t<\/div>\n\t\t\t\t<\/div>\n\t\t\t\t<div class=\"elementor-element elementor-element-1a231fb elementor-widget elementor-widget-heading\" data-id=\"1a231fb\" data-element_type=\"widget\" data-e-type=\"widget\" data-widget_type=\"heading.default\">\n\t\t\t\t<div class=\"elementor-widget-container\">\n\t\t\t\t\t<h2 class=\"elementor-heading-title elementor-size-default\">Cena:  899 z\u0142, rodze\u0144stwo i cz\u0142onkowie szk\u00f3\u0142ki 875 z\u0142<\/h2>\t\t\t\t<\/div>\n\t\t\t\t<\/div>\n\t\t\t\t\t<\/div>\n\t\t\t\t<\/div>\n\t\t\t\t<\/div>\n\t\t","protected":false},"excerpt":{"rendered":"<p>P\u00f3\u0142kolonie rolkowe Bydgoszcz 2026 (8:00-16:00) Zapraszamy dzieci na p\u00f3\u0142kolonie rolkowe w Bydgoszczy 2026, organizowane w godzinach 8:00\u201316:00 w trzech dogodnych terminach i lokalizacjach. To aktywna forma wakacyjnego wypoczynku w mie\u015bcie, \u0142\u0105cz\u0105ca sport, zabaw\u0119 oraz nauk\u0119 jazdy na rolkach pod opiek\u0105 do\u015bwiadczonych instruktor\u00f3w KS Rollerblading School.P\u00f3\u0142kolonie przeznaczone s\u0105 zar\u00f3wno dla dzieci pocz\u0105tkuj\u0105cych, jak i tych, kt\u00f3re<a href=\"https:\/\/rollerbladingschool.pl\/index.php\/polkolonie-rolkowe-bydgoszcz\/\">[&#8230;]<\/a><\/p>\n","protected":false},"author":1,"featured_media":0,"parent":0,"menu_order":0,"comment_status":"closed","ping_status":"closed","template":"","meta":{"footnotes":""},"class_list":["post-1658","page","type-page","status-publish","hentry"],"_links":{"self":[{"href":"https:\/\/rollerbladingschool.pl\/index.php\/wp-json\/wp\/v2\/pages\/1658","targetHints":{"allow":["GET"]}}],"collection":[{"href":"https:\/\/rollerbladingschool.pl\/index.php\/wp-json\/wp\/v2\/pages"}],"about":[{"href":"https:\/\/rollerbladingschool.pl\/index.php\/wp-json\/wp\/v2\/types\/page"}],"author":[{"embeddable":true,"href":"https:\/\/rollerbladingschool.pl\/index.php\/wp-json\/wp\/v2\/users\/1"}],"replies":[{"embeddable":true,"href":"https:\/\/rollerbladingschool.pl\/index.php\/wp-json\/wp\/v2\/comments?post=1658"}],"version-history":[{"count":6,"href":"https:\/\/rollerbladingschool.pl\/index.php\/wp-json\/wp\/v2\/pages\/1658\/revisions"}],"predecessor-version":[{"id":1666,"href":"https:\/\/rollerbladingschool.pl\/index.php\/wp-json\/wp\/v2\/pages\/1658\/revisions\/1666"}],"wp:attachment":[{"href":"https:\/\/rollerbladingschool.pl\/index.php\/wp-json\/wp\/v2\/media?parent=1658"}],"curies":[{"name":"wp","href":"https:\/\/api.w.org\/{rel}","templated":true}]}}