{"id":1667,"date":"2026-04-15T09:16:34","date_gmt":"2026-04-15T07:16:34","guid":{"rendered":"https:\/\/rollerbladingschool.pl\/?page_id=1667"},"modified":"2026-04-15T09:27:30","modified_gmt":"2026-04-15T07:27:30","slug":"polkolonie-lyzwiarsko-rolkowe-bydgoszcz-lato-2026","status":"publish","type":"page","link":"https:\/\/rollerbladingschool.pl\/index.php\/polkolonie-lyzwiarsko-rolkowe-bydgoszcz-lato-2026\/","title":{"rendered":"P\u00f3\u0142kolonie \u0142y\u017cwiarsko-rolkowe Bydgoszcz lato 2026"},"content":{"rendered":"\t\t<div data-elementor-type=\"wp-page\" data-elementor-id=\"1667\" class=\"elementor elementor-1667\">\n\t\t\t\t<div class=\"elementor-element elementor-element-7d5086ea e-flex e-con-boxed e-con e-parent\" data-id=\"7d5086ea\" data-element_type=\"container\" data-e-type=\"container\">\n\t\t\t\t\t<div class=\"e-con-inner\">\n\t\t\t\t<div class=\"elementor-element elementor-element-775c34ef elementor-widget elementor-widget-text-editor\" data-id=\"775c34ef\" data-element_type=\"widget\" data-e-type=\"widget\" data-widget_type=\"text-editor.default\">\n\t\t\t\t<div class=\"elementor-widget-container\">\n\t\t\t\t\t\t\t\t\t<h2>\u00a0<span style=\"color: #808000;\">Zapraszamy na wyj\u0105tkowe P\u00d3\u0141KOLONIE \u0142y\u017cwiarsko \u2013 rolkowe z KS Rollerblading School\u00a0<strong>w lato 2026<\/strong> w Bydgoszczy. Przygotowali\u015bmy <strong>dla<\/strong> dzieci i m\u0142odzie\u017cy turnus p\u00f3\u0142kolonii letnich po\u0142\u0105czonych z nauk\u0105 i treningami jazdy na \u0142y\u017cwach i rolkach. Organizujemy p\u00f3\u0142kolonie w Bydgoszczy od 2017 r., a dzieci zawsze ch\u0119tnie do nas wracaj\u0105.<\/span><\/h2>\n<h1>TERMIN<\/h1>\n<h2><span style=\"color: #808000;\"><!-- \/wp:heading --><!-- wp:heading {\"level\":3} --><\/span><\/h2>\n<h2 class=\"wp-block-heading\"><span style=\"color: #808000;\">Turnus: 27 lipiec 2026 \u2013 31 lipiec 2026<\/span><\/h2>\n<h1>CENA<\/h1>\n<h2><span style=\"color: #808000;\"><!-- \/wp:heading --><!-- wp:heading {\"level\":3} --><\/span><\/h2>\n<h2 class=\"wp-block-heading\"><span style=\"color: #808000;\">CENA 950 z\u0142, CENA DLA RODZE\u0143STWA 930 z\u0142 osoba, Cena dla uczni\u00f3w szk\u00f3\u0142ki rolkowej lub \u0142y\u017cwiarskiej 930 z\u0142<\/span><\/h2>\n<h2><span style=\"color: #808000;\"><!-- \/wp:heading --><!-- wp:heading {\"level\":3} --><\/span><\/h2>\n<h2>MIEJSCE P\u00d3\u0141KOLONII<\/h2>\n<h2 class=\"wp-block-heading\"><span style=\"color: #808000;\">MIEJSCE: Zesp\u00f3\u0142 Szk\u00f3\u0142 Budowlanych, ul. Pestalozziego 18, Bydgoszcz, uwaga od wtorku do pi\u0105tku zbi\u00f3rka o 8:00 na lodowisku Torbyd (odbi\u00f3r zawsze z ZSB)<\/span><\/h2>\n<h2>GODZINY OPIEKI<\/h2>\n<h2><span style=\"color: #808000;\"><!-- \/wp:heading --><!-- wp:heading {\"level\":3} --><\/span><\/h2>\n<h2 class=\"wp-block-heading\"><span style=\"color: #808000;\">Godz. 8:00 do 16:00,<\/span><\/h2>\n<h2><span style=\"color: #808000;\"><!-- \/wp:heading --><!-- wp:heading {\"level\":3} --><\/span><\/h2>\n<h2 class=\"wp-block-heading\"><span style=\"color: #808000;\">Wiek: 6 do 14 lat.\u00a0<\/span><\/h2>\n<h2><span style=\"color: #808000;\"><!-- \/wp:heading --><!-- wp:heading {\"level\":3} --><\/span><\/h2>\n<h2 class=\"wp-block-heading\"><span style=\"color: #808000;\">Nr konta: 68102014750000830202432383<\/span><\/h2>\n<h2><span style=\"color: #808000;\"><!-- \/wp:heading --><!-- wp:heading {\"level\":3} --><\/span><\/h2>\n<h2 class=\"wp-block-heading\"><span style=\"color: #808000;\">KS Rollerblading School<\/span><\/h2>\n<h2><span style=\"color: #808000;\"><!-- \/wp:heading --><!-- wp:heading {\"level\":3} --><\/span><\/h2>\n<h1 class=\"wp-block-heading\">Zapisy elektroniczne:<\/h1>\n<h2><span style=\"color: #808000;\"><!-- \/wp:heading --><!-- wp:paragraph --><\/span><\/h2>\n<h2><span style=\"color: #808000;\"><a style=\"color: #808000;\" href=\"https:\/\/forms.gle\/ovTcZ5WTwMHKDoWT9\">KLIKNIJ TUTAJ!<\/a><\/span><\/h2>\n<h2><span style=\"color: #808000;\"><!-- \/wp:paragraph --><!-- wp:heading {\"level\":5} --><\/span><\/h2>\n<h2 class=\"wp-block-heading\"><span style=\"color: #808000;\">P\u00f3\u0142kolonie pe\u0142ne wra\u017ce\u0144<\/span><\/h2>\n<h2><span style=\"color: #808000;\"><!-- \/wp:heading --><!-- wp:heading --><\/span><\/h2>\n<h2 class=\"wp-block-heading\"><span style=\"color: #808000;\">Dlaczego warto wybra\u0107 nasz\u0105 szko\u0142\u0119 na p\u00f3\u0142kolonie?<\/span><\/h2>\n<h2><span style=\"color: #808000;\"><!-- \/wp:heading --><!-- wp:heading {\"level\":4} --><\/span><\/h2>\n<h2 class=\"wp-block-heading\"><span style=\"color: #808000;\">**Profesjonalni instruktorzy** \u2013 Nasi wykwalifikowani nauczyciele zapewniaj\u0105 bezpieczne i skuteczne treningi.<\/span><br \/><span style=\"color: #808000;\">**Ciekawe zaj\u0119cia** \u2013 Opr\u00f3cz jazdy na \u0142y\u017cwach i rolkach, planujemy gry i zabawy, kt\u00f3re rozwesel\u0105 ka\u017cdego uczestnika.<\/span><br \/><span style=\"color: #808000;\">**Atrakcje dodatkowe** \u2013 Kino, warsztaty plastyczne i cyrkowe, aktywno\u015b\u0107 na \u015bwie\u017cym powietrzu<\/span><br \/><span style=\"color: #808000;\">**Nowe przyja\u017anie** \u2013 Pkolonie to nie tylko nauka, ale tak\u017ce doskona\u0142a okazja do poznania nowych przyjaci\u00f3\u0142!<\/span><\/h2>\n<h2><span style=\"color: #808000;\"><!-- \/wp:heading --><!-- wp:heading --><\/span><\/h2>\n<h1 class=\"wp-block-heading\">W ramach p\u00f3\u0142kolonii zapewniamy:<\/h1>\n<h2><span style=\"color: #808000;\"><!-- \/wp:heading --><!-- wp:heading {\"level\":4} --><\/span><\/h2>\n<h2 class=\"wp-block-heading\"><span style=\"color: #808000;\">1. opiek\u0119 do\u015bwiadczonych wychowawc\u00f3w oraz instruktor\u00f3w jazdy na \u0142y\u017cwach i rolkach<\/span><br \/><span style=\"color: #808000;\">2. codzienne treningi jazdy na rolkach na sali gimnastycznej,<\/span><br \/><span style=\"color: #808000;\">3. Cztery treningi na wynaj\u0119tym lodowisku<\/span><br \/><span style=\"color: #808000;\">4. zaj\u0119cia off ice<\/span><br \/><span style=\"color: #808000;\">5. \u015bniadanie i dwudaniowy obiad i podwieczorek,<\/span><br \/><span style=\"color: #808000;\">6. wod\u0119<\/span><br \/><span style=\"color: #808000;\">7. atrakcje dodatkowe, w tym:<\/span><\/h2>\n<h2><span style=\"color: #808000;\"><!-- \/wp:heading --><!-- wp:paragraph --><\/span><\/h2>\n<h2><span style=\"color: #808000;\">warsztaty taneczne<\/span><br \/><span style=\"color: #808000;\">gr\u0119 w hokeja na rolkach<\/span><br \/><span style=\"color: #808000;\">wyj\u015bcie do kina<\/span><br \/><span style=\"color: #808000;\">warsztaty plastyczne<\/span><br \/><span style=\"color: #808000;\">mam talent<\/span><br \/><span style=\"color: #808000;\">pami\u0105tkowe zdj\u0119cie na koniec p\u00f3\u0142kolonii<\/span><\/h2>\n<h2><span style=\"color: #808000;\"><!-- \/wp:paragraph --><!-- wp:image --><\/span><\/h2>\n<h2 class=\"wp-block-image\"><span style=\"color: #808000;\"><img decoding=\"async\" src=\"https:\/\/rollerbladingschool.pl\/wp-content\/themes\/zerif-lite\/images\/envelope4-green.png\" alt=\"\" \/><\/span><\/h2>\n<h2><span style=\"color: #808000;\"><!-- \/wp:image --><!-- wp:paragraph --><\/span><\/h2>\n<h2><span style=\"color: #808000;\"><a style=\"color: #808000;\" href=\"mailto:rollerbladingschool@gmail.com\">rollerbladingschool@gmail.com<\/a><\/span><\/h2>\n<h2><span style=\"color: #808000;\"><!-- \/wp:paragraph --><!-- wp:image --><\/span><\/h2>\n<h2 class=\"wp-block-image\"><span style=\"color: #808000;\"><img decoding=\"async\" src=\"https:\/\/rollerbladingschool.pl\/wp-content\/themes\/zerif-lite\/images\/telephone65-blue.png\" alt=\"\" \/> <\/span><span style=\"color: #808000;\"><a style=\"color: #808000;\" href=\"tel:792 146 370\">792 146 370<\/a><\/span><\/h2>\n<h2><span style=\"color: #808000;\"><!-- \/wp:image --><!-- wp:paragraph --><\/span><\/h2>\n<h2><span style=\"color: #808000;\"><!-- \/wp:paragraph --><!-- wp:paragraph --><\/span><\/h2>\n<h2>\u00a0<\/h2>\n<p><span style=\"color: #003366;\"><!-- \/wp:paragraph --><\/span><\/p>\t\t\t\t\t\t\t\t<\/div>\n\t\t\t\t<\/div>\n\t\t\t\t\t<\/div>\n\t\t\t\t<\/div>\n\t\t\t\t<\/div>\n\t\t","protected":false},"excerpt":{"rendered":"<p>\u00a0Zapraszamy na wyj\u0105tkowe P\u00d3\u0141KOLONIE \u0142y\u017cwiarsko \u2013 rolkowe z KS Rollerblading School\u00a0w lato 2026 w Bydgoszczy. Przygotowali\u015bmy dla dzieci i m\u0142odzie\u017cy turnus p\u00f3\u0142kolonii letnich po\u0142\u0105czonych z nauk\u0105 i treningami jazdy na \u0142y\u017cwach i rolkach. Organizujemy p\u00f3\u0142kolonie w Bydgoszczy od 2017 r., a dzieci zawsze ch\u0119tnie do nas wracaj\u0105. TERMIN Turnus: 27 lipiec 2026 \u2013 31 lipiec<a href=\"https:\/\/rollerbladingschool.pl\/index.php\/polkolonie-lyzwiarsko-rolkowe-bydgoszcz-lato-2026\/\">[&#8230;]<\/a><\/p>\n","protected":false},"author":1,"featured_media":0,"parent":0,"menu_order":0,"comment_status":"closed","ping_status":"closed","template":"","meta":{"footnotes":""},"class_list":["post-1667","page","type-page","status-publish","hentry"],"_links":{"self":[{"href":"https:\/\/rollerbladingschool.pl\/index.php\/wp-json\/wp\/v2\/pages\/1667","targetHints":{"allow":["GET"]}}],"collection":[{"href":"https:\/\/rollerbladingschool.pl\/index.php\/wp-json\/wp\/v2\/pages"}],"about":[{"href":"https:\/\/rollerbladingschool.pl\/index.php\/wp-json\/wp\/v2\/types\/page"}],"author":[{"embeddable":true,"href":"https:\/\/rollerbladingschool.pl\/index.php\/wp-json\/wp\/v2\/users\/1"}],"replies":[{"embeddable":true,"href":"https:\/\/rollerbladingschool.pl\/index.php\/wp-json\/wp\/v2\/comments?post=1667"}],"version-history":[{"count":4,"href":"https:\/\/rollerbladingschool.pl\/index.php\/wp-json\/wp\/v2\/pages\/1667\/revisions"}],"predecessor-version":[{"id":1673,"href":"https:\/\/rollerbladingschool.pl\/index.php\/wp-json\/wp\/v2\/pages\/1667\/revisions\/1673"}],"wp:attachment":[{"href":"https:\/\/rollerbladingschool.pl\/index.php\/wp-json\/wp\/v2\/media?parent=1667"}],"curies":[{"name":"wp","href":"https:\/\/api.w.org\/{rel}","templated":true}]}}