{"id":605,"date":"2021-09-22T12:50:36","date_gmt":"2021-09-22T10:50:36","guid":{"rendered":"https:\/\/rollerbladingschool.pl\/?page_id=605"},"modified":"2025-10-24T08:33:33","modified_gmt":"2025-10-24T06:33:33","slug":"harmonogram-zajec","status":"publish","type":"page","link":"https:\/\/rollerbladingschool.pl\/index.php\/harmonogram-zajec\/","title":{"rendered":"Harmonogram zaj\u0119\u0107"},"content":{"rendered":"\n<p>Harmonogramowe zaj\u0119cia rozpoczynaj\u0105 si\u0119&nbsp;z pocz\u0105tkiem wrze\u015bnia 2025<\/p>\n\n\n\n<p><strong>Poniedzia\u0142ek<\/strong><\/p>\n\n\n\n<p><strong>16:30<\/strong> \u2013 Szk\u00f3\u0142ka \u0142y\u017cwiarska <strong>LODOWISKO TORBYD<\/strong>: nauka jazdy na \u0142y\u017cwach dla dzieci, m\u0142odzie\u017cy i doros\u0142ych, sekcja jazdy figurowej &#8211; start 1 wrze\u015bnia<\/p>\n\n\n\n<p><strong>Wtorek:<\/strong><\/p>\n\n\n\n<p>17:50 &#8211; rolki, zaj\u0119cia dla dzieci i m\u0142odzie\u017cy : 3 LO &#8211; start 2 wrze\u015bnia<\/p>\n\n\n\n<p>Poziom pocz\u0105tkuj\u0105cy i \u015bredniozaawansowany<\/p>\n\n\n\n<p><strong>\u015aroda<\/strong><\/p>\n\n\n\n<p><strong>18:10<\/strong> &#8211; rolki, zaj\u0119cia dla dzieci grupa \u015bredniozaawansowana i zaawansowana: sala gimnastyczna <strong>Sp. 4 w Fordonie<\/strong>, ul. Wyzwolenia 4, Bydgoszcz &#8211; start 3 wrze\u015bnia<\/p>\n\n\n\n<p><strong>Czwartek<\/strong><\/p>\n\n\n\n<p>Lekcje indywidualne<\/p>\n\n\n\n<p><strong>18:45 <\/strong>&#8211; start od listopada szk\u00f3\u0142ka \u0142y\u017cwiarska <strong>lodowisko w Fordonie<\/strong>: szk\u00f3\u0142ka \u0142y\u017cwiarska grupy pocz\u0105tkuj\u0105ca, figurowa i hokejowa<\/p>\n\n\n\n<p>Pi\u0105tek<\/p>\n\n\n\n<p>15:30 &#8211; 20:00 &#8211; <strong>lekcje indywidualne na lodowisku Torbyd:<\/strong> um\u00f3w lekcj\u0119 telefonicznie: 792-146-370<\/p>\n\n\n\n<p><strong>Sobota:<\/strong><\/p>\n\n\n\n<p><strong>8:00<\/strong> &#8211; szk\u00f3\u0142ka \u0142y\u017cwiarska (dzieci, m\u0142odzie\u017c i doro\u015bli): <strong>Lodowisko Torbyd<\/strong> start 6 wrze\u015bnia<br>grupy: <br>1. pocz\u0105tkuj\u0105ca &#8211; nauka jazdy na \u0142y\u017cwach<br>2. \u015bredniozaawansowana &#8211; doskonalenie jazdy na \u0142y\u017cwach<br>3. sekcja jazdy figurowej<br>4. Ice4art<\/p>\n\n\n\n<p><\/p>\n\n\n\n<p>Zapisy: <\/p>\n\n\n\n<div class=\"wp-block-buttons is-layout-flex wp-block-buttons-is-layout-flex\">\n<div class=\"wp-block-button\"><a class=\"wp-block-button__link has-white-color has-vivid-cyan-blue-to-vivid-purple-gradient-background has-text-color has-background wp-element-button\" href=\"https:\/\/docs.google.com\/forms\/d\/e\/1FAIpQLSe93Hsi6_stFwRDHEyEj7QABFdiOv5xVeEMUQHkULGsRN4gKw\/viewform?usp=pp_url\">Kliknij Tutaj<\/a><\/div>\n<\/div>\n\n\n\n<p><\/p>\n\n\n\n<p>Wi\u0119cej informacji:<\/p>\n\n\n\n<p>tel. 792146370<\/p>\n\n\n\n<p>e-mail. rollerbladingschool@gmail.com<\/p>\n\n\n","protected":false},"excerpt":{"rendered":"<p>Harmonogramowe zaj\u0119cia rozpoczynaj\u0105 si\u0119&nbsp;z pocz\u0105tkiem wrze\u015bnia 2025 Poniedzia\u0142ek 16:30 \u2013 Szk\u00f3\u0142ka \u0142y\u017cwiarska LODOWISKO TORBYD: nauka jazdy na \u0142y\u017cwach dla dzieci, m\u0142odzie\u017cy i doros\u0142ych, sekcja jazdy figurowej &#8211; start 1 wrze\u015bnia Wtorek: 17:50 &#8211; rolki, zaj\u0119cia dla dzieci i m\u0142odzie\u017cy : 3 LO &#8211; start 2 wrze\u015bnia Poziom pocz\u0105tkuj\u0105cy i \u015bredniozaawansowany \u015aroda 18:10 &#8211; rolki, zaj\u0119cia<a href=\"https:\/\/rollerbladingschool.pl\/index.php\/harmonogram-zajec\/\">[&#8230;]<\/a><\/p>\n","protected":false},"author":1,"featured_media":0,"parent":0,"menu_order":0,"comment_status":"closed","ping_status":"closed","template":"","meta":{"footnotes":""},"class_list":["post-605","page","type-page","status-publish","hentry"],"_links":{"self":[{"href":"https:\/\/rollerbladingschool.pl\/index.php\/wp-json\/wp\/v2\/pages\/605","targetHints":{"allow":["GET"]}}],"collection":[{"href":"https:\/\/rollerbladingschool.pl\/index.php\/wp-json\/wp\/v2\/pages"}],"about":[{"href":"https:\/\/rollerbladingschool.pl\/index.php\/wp-json\/wp\/v2\/types\/page"}],"author":[{"embeddable":true,"href":"https:\/\/rollerbladingschool.pl\/index.php\/wp-json\/wp\/v2\/users\/1"}],"replies":[{"embeddable":true,"href":"https:\/\/rollerbladingschool.pl\/index.php\/wp-json\/wp\/v2\/comments?post=605"}],"version-history":[{"count":33,"href":"https:\/\/rollerbladingschool.pl\/index.php\/wp-json\/wp\/v2\/pages\/605\/revisions"}],"predecessor-version":[{"id":1593,"href":"https:\/\/rollerbladingschool.pl\/index.php\/wp-json\/wp\/v2\/pages\/605\/revisions\/1593"}],"wp:attachment":[{"href":"https:\/\/rollerbladingschool.pl\/index.php\/wp-json\/wp\/v2\/media?parent=605"}],"curies":[{"name":"wp","href":"https:\/\/api.w.org\/{rel}","templated":true}]}}